{"id":5417,"date":"2020-06-18T14:30:03","date_gmt":"2020-06-18T12:30:03","guid":{"rendered":"https:\/\/www.zina-shop.com\/?post_type=product&#038;p=5417"},"modified":"2025-05-26T17:48:13","modified_gmt":"2025-05-26T15:48:13","slug":"wigjig-olympus","status":"publish","type":"product","link":"https:\/\/www.zina-shop.com\/index.php\/produit\/wigjig-olympus\/","title":{"rendered":"Wigjig Olympus"},"content":{"rendered":"<p>Wigjig Olympus<\/p>\n","protected":false},"excerpt":{"rendered":"<div id=\"idTab1\" class=\"rte\">\n<p><strong>Wigjig\u00a0Olympus<\/strong><\/p>\n<p>Gabarit pour la cr\u00e9ation de motifs en fils<\/p>\n<p>Dim:\u00a0127x127mm<\/p>\n<p>Le wigjig est compos\u00e9 de 482 trous, des chevilles modulables en m\u00e9tal, permettant ainsi une infinit\u00e9 d&rsquo;options de dessins.<\/p>\n<p>Utiliser avec des fils de\u00a0 18\u201326 gauge, de\u00a0 1 \u00e0 0.4 mm<\/p>\n<p><em><span style=\"color: #800080\u037e;\">Vendu \u00e0 l&rsquo;unit\u00e9<\/span><\/em><\/p>\n<\/div>\n","protected":false},"featured_media":5418,"comment_status":"open","ping_status":"closed","template":"","meta":{"sfsi_plus_gutenberg_text_before_share":"","sfsi_plus_gutenberg_show_text_before_share":"","sfsi_plus_gutenberg_icon_type":"","sfsi_plus_gutenberg_icon_alignemt":"","sfsi_plus_gutenburg_max_per_row":""},"product_cat":[50],"product_tag":[],"class_list":["post-5417","product","type-product","status-publish","has-post-thumbnail","hentry","product_cat-filigrane-de-russie"],"jetpack_sharing_enabled":true,"_links":{"self":[{"href":"https:\/\/www.zina-shop.com\/index.php\/wp-json\/wp\/v2\/product\/5417","targetHints":{"allow":["GET"]}}],"collection":[{"href":"https:\/\/www.zina-shop.com\/index.php\/wp-json\/wp\/v2\/product"}],"about":[{"href":"https:\/\/www.zina-shop.com\/index.php\/wp-json\/wp\/v2\/types\/product"}],"replies":[{"embeddable":true,"href":"https:\/\/www.zina-shop.com\/index.php\/wp-json\/wp\/v2\/comments?post=5417"}],"wp:featuredmedia":[{"embeddable":true,"href":"https:\/\/www.zina-shop.com\/index.php\/wp-json\/wp\/v2\/media\/5418"}],"wp:attachment":[{"href":"https:\/\/www.zina-shop.com\/index.php\/wp-json\/wp\/v2\/media?parent=5417"}],"wp:term":[{"taxonomy":"product_cat","embeddable":true,"href":"https:\/\/www.zina-shop.com\/index.php\/wp-json\/wp\/v2\/product_cat?post=5417"},{"taxonomy":"product_tag","embeddable":true,"href":"https:\/\/www.zina-shop.com\/index.php\/wp-json\/wp\/v2\/product_tag?post=5417"}],"curies":[{"name":"wp","href":"https:\/\/api.w.org\/{rel}","templated":true}]}}