{"id":5308,"date":"2020-06-18T10:21:37","date_gmt":"2020-06-18T08:21:37","guid":{"rendered":"https:\/\/www.zina-shop.com\/?post_type=product&#038;p=5308"},"modified":"2022-09-02T19:26:31","modified_gmt":"2022-09-02T17:26:31","slug":"suedine-noir-4mm-x-1-metre","status":"publish","type":"product","link":"https:\/\/www.zina-shop.com\/index.php\/produit\/suedine-noir-4mm-x-1-metre\/","title":{"rendered":"Su\u00e9dine noir 4mm x 1 m\u00e8tre"},"content":{"rendered":"<p>Su\u00e9dine noir 4mm x 1 m\u00e8tre<\/p>\n","protected":false},"excerpt":{"rendered":"<p><strong>Lacet\u00a0de\u00a0suedine\u00a0noir<\/strong><\/p>\n<p>Largeur:\u00a04mm<\/p>\n<p>Epaisseur:\u00a01.5mm<\/p>\n<p><span style=\"color: #993366\u037e;\"><em>Vendu par sachet de 1 m\u00e8tre<\/em><\/span><\/p>\n","protected":false},"featured_media":5304,"comment_status":"open","ping_status":"closed","template":"","meta":{"sfsi_plus_gutenberg_text_before_share":"","sfsi_plus_gutenberg_show_text_before_share":"","sfsi_plus_gutenberg_icon_type":"","sfsi_plus_gutenberg_icon_alignemt":"","sfsi_plus_gutenburg_max_per_row":""},"product_cat":[79],"product_tag":[],"class_list":["post-5308","product","type-product","status-publish","has-post-thumbnail","hentry","product_cat-suedine"],"jetpack_sharing_enabled":true,"_links":{"self":[{"href":"https:\/\/www.zina-shop.com\/index.php\/wp-json\/wp\/v2\/product\/5308","targetHints":{"allow":["GET"]}}],"collection":[{"href":"https:\/\/www.zina-shop.com\/index.php\/wp-json\/wp\/v2\/product"}],"about":[{"href":"https:\/\/www.zina-shop.com\/index.php\/wp-json\/wp\/v2\/types\/product"}],"replies":[{"embeddable":true,"href":"https:\/\/www.zina-shop.com\/index.php\/wp-json\/wp\/v2\/comments?post=5308"}],"wp:featuredmedia":[{"embeddable":true,"href":"https:\/\/www.zina-shop.com\/index.php\/wp-json\/wp\/v2\/media\/5304"}],"wp:attachment":[{"href":"https:\/\/www.zina-shop.com\/index.php\/wp-json\/wp\/v2\/media?parent=5308"}],"wp:term":[{"taxonomy":"product_cat","embeddable":true,"href":"https:\/\/www.zina-shop.com\/index.php\/wp-json\/wp\/v2\/product_cat?post=5308"},{"taxonomy":"product_tag","embeddable":true,"href":"https:\/\/www.zina-shop.com\/index.php\/wp-json\/wp\/v2\/product_tag?post=5308"}],"curies":[{"name":"wp","href":"https:\/\/api.w.org\/{rel}","templated":true}]}}