{"id":5294,"date":"2020-06-17T17:28:13","date_gmt":"2020-06-17T15:28:13","guid":{"rendered":"https:\/\/www.zina-shop.com\/?post_type=product&#038;p=5294"},"modified":"2022-02-04T19:47:02","modified_gmt":"2022-02-04T18:47:02","slug":"fil-nylon-tresse-vert-fonce-0-5mm-10m","status":"publish","type":"product","link":"https:\/\/www.zina-shop.com\/index.php\/produit\/fil-nylon-tresse-vert-fonce-0-5mm-10m\/","title":{"rendered":"Fil nylon tress\u00e9 Vert fonc\u00e9 0.5mm 10m"},"content":{"rendered":"<p>Fil nylon tress\u00e9 Vert fonc\u00e9 0.5mm 10m<\/p>\n","protected":false},"excerpt":{"rendered":"<div id=\"idTab1\" class=\"rte\">\n<p><strong>Fil\u00a0nylon\u00a0tress\u00e9\u00a00.5mm<\/strong><\/p>\n<p>Vert fonc\u00e9 32<\/p>\n<p>Bobine\u00a0de\u00a010m<\/p>\n<p>Fil nylon , tr\u00e8s r\u00e9sistant, id\u00e9al pour cr\u00e9er les bracelet Shamballa et le tressage Kumihimo<\/p>\n<\/div>\n","protected":false},"featured_media":5274,"comment_status":"open","ping_status":"closed","template":"","meta":{"sfsi_plus_gutenberg_text_before_share":"","sfsi_plus_gutenberg_show_text_before_share":"","sfsi_plus_gutenberg_icon_type":"","sfsi_plus_gutenberg_icon_alignemt":"","sfsi_plus_gutenburg_max_per_row":""},"product_cat":[260],"product_tag":[],"class_list":["post-5294","product","type-product","status-publish","has-post-thumbnail","hentry","product_cat-nylon-0-5-mm"],"jetpack_sharing_enabled":true,"_links":{"self":[{"href":"https:\/\/www.zina-shop.com\/index.php\/wp-json\/wp\/v2\/product\/5294","targetHints":{"allow":["GET"]}}],"collection":[{"href":"https:\/\/www.zina-shop.com\/index.php\/wp-json\/wp\/v2\/product"}],"about":[{"href":"https:\/\/www.zina-shop.com\/index.php\/wp-json\/wp\/v2\/types\/product"}],"replies":[{"embeddable":true,"href":"https:\/\/www.zina-shop.com\/index.php\/wp-json\/wp\/v2\/comments?post=5294"}],"wp:featuredmedia":[{"embeddable":true,"href":"https:\/\/www.zina-shop.com\/index.php\/wp-json\/wp\/v2\/media\/5274"}],"wp:attachment":[{"href":"https:\/\/www.zina-shop.com\/index.php\/wp-json\/wp\/v2\/media?parent=5294"}],"wp:term":[{"taxonomy":"product_cat","embeddable":true,"href":"https:\/\/www.zina-shop.com\/index.php\/wp-json\/wp\/v2\/product_cat?post=5294"},{"taxonomy":"product_tag","embeddable":true,"href":"https:\/\/www.zina-shop.com\/index.php\/wp-json\/wp\/v2\/product_tag?post=5294"}],"curies":[{"name":"wp","href":"https:\/\/api.w.org\/{rel}","templated":true}]}}