{"id":4166,"date":"2020-05-04T17:21:41","date_gmt":"2020-05-04T15:21:41","guid":{"rendered":"http:\/\/www.zina-shop.com\/?post_type=product&#038;p=4166"},"modified":"2022-06-28T10:56:03","modified_gmt":"2022-06-28T08:56:03","slug":"cabochon-pierre-rose-cut-sky-blue-topaze-rond-5-mm-par-1","status":"publish","type":"product","link":"https:\/\/www.zina-shop.com\/index.php\/produit\/cabochon-pierre-rose-cut-sky-blue-topaze-rond-5-mm-par-1\/","title":{"rendered":"Cabochon pierre Rose cut Sky blue topaze Rond 5 mm &#8211; par 1"},"content":{"rendered":"<p>Cabochon pierre Rose cut Sky blue topaze Rond 5 mm &#8211; par 1<\/p>\n","protected":false},"excerpt":{"rendered":"<div id=\"idTab1\" class=\"rte\">\n<div id=\"idTab1\" class=\"rte\">\n<p><strong>Cabochon \u00e0 sertir Topaze<br \/>\n<\/strong><\/p>\n<p>Couleur: Sky blue<\/p>\n<p>Rose cut<br \/>\nDiam\u00e8tre: 5 mm<br \/>\nEpaisseur: \u00ad \u00b1 2.5 mm<\/p>\n<p><span style=\"color: #ff0000\u037e;\">Les perles gemmes sont uniques, c&rsquo;est ce qui fait leur charme! Elles peuvent donc pr\u00e9senter des diff\u00e9rences plus ou moins grandes avec les photos pr\u00e9sent\u00e9es.<\/span><\/p>\n<\/div>\n<\/div>\n","protected":false},"featured_media":4167,"comment_status":"open","ping_status":"closed","template":"","meta":{"sfsi_plus_gutenberg_text_before_share":"","sfsi_plus_gutenberg_show_text_before_share":"","sfsi_plus_gutenberg_icon_type":"","sfsi_plus_gutenberg_icon_alignemt":"","sfsi_plus_gutenburg_max_per_row":""},"product_cat":[164],"product_tag":[],"class_list":["post-4166","product","type-product","status-publish","has-post-thumbnail","hentry","product_cat-topaze-cab-rc"],"jetpack_sharing_enabled":true,"_links":{"self":[{"href":"https:\/\/www.zina-shop.com\/index.php\/wp-json\/wp\/v2\/product\/4166","targetHints":{"allow":["GET"]}}],"collection":[{"href":"https:\/\/www.zina-shop.com\/index.php\/wp-json\/wp\/v2\/product"}],"about":[{"href":"https:\/\/www.zina-shop.com\/index.php\/wp-json\/wp\/v2\/types\/product"}],"replies":[{"embeddable":true,"href":"https:\/\/www.zina-shop.com\/index.php\/wp-json\/wp\/v2\/comments?post=4166"}],"wp:featuredmedia":[{"embeddable":true,"href":"https:\/\/www.zina-shop.com\/index.php\/wp-json\/wp\/v2\/media\/4167"}],"wp:attachment":[{"href":"https:\/\/www.zina-shop.com\/index.php\/wp-json\/wp\/v2\/media?parent=4166"}],"wp:term":[{"taxonomy":"product_cat","embeddable":true,"href":"https:\/\/www.zina-shop.com\/index.php\/wp-json\/wp\/v2\/product_cat?post=4166"},{"taxonomy":"product_tag","embeddable":true,"href":"https:\/\/www.zina-shop.com\/index.php\/wp-json\/wp\/v2\/product_tag?post=4166"}],"curies":[{"name":"wp","href":"https:\/\/api.w.org\/{rel}","templated":true}]}}