{"id":4003,"date":"2020-03-31T15:51:57","date_gmt":"2020-03-31T13:51:57","guid":{"rendered":"http:\/\/www.zina-shop.com\/?post_type=product&#038;p=4003"},"modified":"2025-09-17T12:15:56","modified_gmt":"2025-09-17T10:15:56","slug":"cabochon-pierre-howlite-turquoise-ovale-13x18-mm-par-1","status":"publish","type":"product","link":"https:\/\/www.zina-shop.com\/index.php\/produit\/cabochon-pierre-howlite-turquoise-ovale-13x18-mm-par-1\/","title":{"rendered":"Cabochon pierre Howlite turquoise Ovale 13X18 mm &#8211; par 1"},"content":{"rendered":"<p>Cabochon pierre Howlite turquoise Ovale 13X18 mm &#8211; par 1<\/p>\n","protected":false},"excerpt":{"rendered":"<p>Cabochon \u00e0 sertir Howlite Turquoise<\/p>\n<p>Ovale 13*18 mm<\/p>\n<p>Les perles gemmes sont uniques, c&rsquo;est ce qui fait leur charme! Elles peuvent donc pr\u00e9senter des diff\u00e9rences plus ou moins grandes avec les photos pr\u00e9sent\u00e9es.<\/p>\n","protected":false},"featured_media":3998,"comment_status":"open","ping_status":"closed","template":"","meta":{"sfsi_plus_gutenberg_text_before_share":"","sfsi_plus_gutenberg_show_text_before_share":"","sfsi_plus_gutenberg_icon_type":"","sfsi_plus_gutenberg_icon_alignemt":"","sfsi_plus_gutenburg_max_per_row":""},"product_cat":[157],"product_tag":[],"class_list":["post-4003","product","type-product","status-publish","has-post-thumbnail","hentry","product_cat-howlite-cab"],"jetpack_sharing_enabled":true,"_links":{"self":[{"href":"https:\/\/www.zina-shop.com\/index.php\/wp-json\/wp\/v2\/product\/4003","targetHints":{"allow":["GET"]}}],"collection":[{"href":"https:\/\/www.zina-shop.com\/index.php\/wp-json\/wp\/v2\/product"}],"about":[{"href":"https:\/\/www.zina-shop.com\/index.php\/wp-json\/wp\/v2\/types\/product"}],"replies":[{"embeddable":true,"href":"https:\/\/www.zina-shop.com\/index.php\/wp-json\/wp\/v2\/comments?post=4003"}],"wp:featuredmedia":[{"embeddable":true,"href":"https:\/\/www.zina-shop.com\/index.php\/wp-json\/wp\/v2\/media\/3998"}],"wp:attachment":[{"href":"https:\/\/www.zina-shop.com\/index.php\/wp-json\/wp\/v2\/media?parent=4003"}],"wp:term":[{"taxonomy":"product_cat","embeddable":true,"href":"https:\/\/www.zina-shop.com\/index.php\/wp-json\/wp\/v2\/product_cat?post=4003"},{"taxonomy":"product_tag","embeddable":true,"href":"https:\/\/www.zina-shop.com\/index.php\/wp-json\/wp\/v2\/product_tag?post=4003"}],"curies":[{"name":"wp","href":"https:\/\/api.w.org\/{rel}","templated":true}]}}