{"id":3674,"date":"2020-03-10T16:44:23","date_gmt":"2020-03-10T15:44:23","guid":{"rendered":"http:\/\/www.zina-shop.com\/?post_type=product&#038;p=3674"},"modified":"2022-07-28T14:24:04","modified_gmt":"2022-07-28T12:24:04","slug":"fil-acier-inox-rond-1mm-par-1-metre","status":"publish","type":"product","link":"https:\/\/www.zina-shop.com\/index.php\/produit\/fil-acier-inox-rond-1mm-par-1-metre\/","title":{"rendered":"Fil acier inox rond 1mm &#8211; par 1 m\u00e8tre"},"content":{"rendered":"<p>Fil acier inox rond 1mm &#8211; par 1 m\u00e8tre<\/p>\n","protected":false},"excerpt":{"rendered":"<p><strong>Fil\u00a0acier\u00a0inox\u00a0rond\u00a0\u00ad\u00a01mm<\/strong><\/p>\n<p><em>vendu\u00a0en\u00a0sachet\u00a0de\u00a01\u00a0m\u00e8tre<\/em><\/p>\n<p>Peut \u00eatre ins\u00e9r\u00e9 dans la p\u00e2te de bronze blanc crue et cuit avec.<\/p>\n<p>Permet de faire des griffes pour le sertissage<\/p>\n","protected":false},"featured_media":3675,"comment_status":"open","ping_status":"closed","template":"","meta":{"sfsi_plus_gutenberg_text_before_share":"","sfsi_plus_gutenberg_show_text_before_share":"","sfsi_plus_gutenberg_icon_type":"","sfsi_plus_gutenberg_icon_alignemt":"","sfsi_plus_gutenburg_max_per_row":""},"product_cat":[119],"product_tag":[],"class_list":["post-3674","product","type-product","status-publish","has-post-thumbnail","hentry","product_cat-fil-inox"],"jetpack_sharing_enabled":true,"_links":{"self":[{"href":"https:\/\/www.zina-shop.com\/index.php\/wp-json\/wp\/v2\/product\/3674","targetHints":{"allow":["GET"]}}],"collection":[{"href":"https:\/\/www.zina-shop.com\/index.php\/wp-json\/wp\/v2\/product"}],"about":[{"href":"https:\/\/www.zina-shop.com\/index.php\/wp-json\/wp\/v2\/types\/product"}],"replies":[{"embeddable":true,"href":"https:\/\/www.zina-shop.com\/index.php\/wp-json\/wp\/v2\/comments?post=3674"}],"wp:featuredmedia":[{"embeddable":true,"href":"https:\/\/www.zina-shop.com\/index.php\/wp-json\/wp\/v2\/media\/3675"}],"wp:attachment":[{"href":"https:\/\/www.zina-shop.com\/index.php\/wp-json\/wp\/v2\/media?parent=3674"}],"wp:term":[{"taxonomy":"product_cat","embeddable":true,"href":"https:\/\/www.zina-shop.com\/index.php\/wp-json\/wp\/v2\/product_cat?post=3674"},{"taxonomy":"product_tag","embeddable":true,"href":"https:\/\/www.zina-shop.com\/index.php\/wp-json\/wp\/v2\/product_tag?post=3674"}],"curies":[{"name":"wp","href":"https:\/\/api.w.org\/{rel}","templated":true}]}}