{"id":3633,"date":"2020-03-10T15:35:20","date_gmt":"2020-03-10T14:35:20","guid":{"rendered":"http:\/\/www.zina-shop.com\/?post_type=product&#038;p=3633"},"modified":"2022-04-06T22:36:39","modified_gmt":"2022-04-06T20:36:39","slug":"chaine-acier-inox-1-8x2-2x0-9-par-1metre","status":"publish","type":"product","link":"https:\/\/www.zina-shop.com\/index.php\/produit\/chaine-acier-inox-1-8x2-2x0-9-par-1metre\/","title":{"rendered":"Chaine acier inox 1.8X2.2X0.9 -par 1m\u00e8tre"},"content":{"rendered":"<p>Chaine acier inox 1.8X2.2X0.9 -par 1m\u00e8tre<\/p>\n","protected":false},"excerpt":{"rendered":"<p><strong>Chaine\u00a0acier\u00a0inox\u00a0316<\/strong><\/p>\n<p>Maillons:\u00a01.8X2\u00a0X\u00a01\u00a0m<\/p>\n<p>Epaisseur:\u00a00.9mm<\/p>\n<p>Couleur compatiles avec les pi\u00e8ces en bronze blanc p\u00e2tes de m\u00e9taux<\/p>\n<p><em><span style=\"color: #800080\u037e;\">Vendu au m\u00e8tre<\/span><\/em><\/p>\n<p><strong>L&rsquo;acier inox est hypoallerg\u00e9nique<\/strong><\/p>\n","protected":false},"featured_media":3636,"comment_status":"open","ping_status":"closed","template":"","meta":{"sfsi_plus_gutenberg_text_before_share":"","sfsi_plus_gutenberg_show_text_before_share":"","sfsi_plus_gutenberg_icon_type":"","sfsi_plus_gutenberg_icon_alignemt":"","sfsi_plus_gutenburg_max_per_row":""},"product_cat":[123],"product_tag":[],"class_list":["post-3633","product","type-product","status-publish","has-post-thumbnail","hentry","product_cat-chaines-inox"],"jetpack_sharing_enabled":true,"_links":{"self":[{"href":"https:\/\/www.zina-shop.com\/index.php\/wp-json\/wp\/v2\/product\/3633","targetHints":{"allow":["GET"]}}],"collection":[{"href":"https:\/\/www.zina-shop.com\/index.php\/wp-json\/wp\/v2\/product"}],"about":[{"href":"https:\/\/www.zina-shop.com\/index.php\/wp-json\/wp\/v2\/types\/product"}],"replies":[{"embeddable":true,"href":"https:\/\/www.zina-shop.com\/index.php\/wp-json\/wp\/v2\/comments?post=3633"}],"wp:featuredmedia":[{"embeddable":true,"href":"https:\/\/www.zina-shop.com\/index.php\/wp-json\/wp\/v2\/media\/3636"}],"wp:attachment":[{"href":"https:\/\/www.zina-shop.com\/index.php\/wp-json\/wp\/v2\/media?parent=3633"}],"wp:term":[{"taxonomy":"product_cat","embeddable":true,"href":"https:\/\/www.zina-shop.com\/index.php\/wp-json\/wp\/v2\/product_cat?post=3633"},{"taxonomy":"product_tag","embeddable":true,"href":"https:\/\/www.zina-shop.com\/index.php\/wp-json\/wp\/v2\/product_tag?post=3633"}],"curies":[{"name":"wp","href":"https:\/\/api.w.org\/{rel}","templated":true}]}}