{"id":3219,"date":"2020-03-04T10:15:14","date_gmt":"2020-03-04T09:15:14","guid":{"rendered":"http:\/\/www.zina-shop.com\/?post_type=product&#038;p=3219"},"modified":"2025-03-26T13:10:17","modified_gmt":"2025-03-26T12:10:17","slug":"fil-deco-cuivre-pour-sertissures-modele-8","status":"publish","type":"product","link":"https:\/\/www.zina-shop.com\/index.php\/produit\/fil-deco-cuivre-pour-sertissures-modele-8\/","title":{"rendered":"Fil d\u00e9co Cuivre pour sertissures Mod\u00e8le 8"},"content":{"rendered":"<p>Fil d\u00e9co Cuivre pour sertissures Mod\u00e8le 8<\/p>\n","protected":false},"excerpt":{"rendered":"<p><strong>Fil cuivre d\u00e9coratif \u00ad Mod\u00e8le 8<\/strong><br \/>\nHauteur: 9mm<\/p>\n<p>Pour le sertissage de pierres et cabochons.<br \/>\nPeut \u00eatre ins\u00e9r\u00e9 dans la p\u00e2te de cuivre crue et cuit au four.<br \/>\nLa couleur est celle du cuivre<\/p>\n<p><em><span style=\"color: #800080\u037e;\">Vendu\u00a0par\u00a0sachet\u00a0d&rsquo;environ\u00a015\u00a0cm<\/span><\/em><\/p>\n<p><a href=\"http:\/\/&lt;p&gt;Fil\u00a0cuivre\u00a0d\u00e9coratif\u00a0\u00ad\u00a0Mod\u00e8le\u00a01&lt;br\u00a0\/&gt;\u00a0Hauteur:\u00a06mm&lt;\/p&gt;\u00a0 &lt;p&gt;&lt;br\u00a0\/&gt;\u00a0Pour\u00a0le\u00a0sertissage\u00a0de\u00a0pierres\u00a0et\u00a0cabochons.&lt;br\u00a0\/&gt;\u00a0Peut \u00eatre\u00a0ins\u00e9r\u00e9\u00a0dans\u00a0la\u00a0p\u00e2te\u00a0de\u00a0cuivre\u00a0crue\u00a0et\u00a0cuit\u00a0au\u00a0four.&lt;br\u00a0\/&gt;\u00a0La couleur\u00a0est\u00a0celle\u00a0du\u00a0cuivre&lt;br\u00a0\/&gt;\u00a0&lt;br\u00a0\/&gt;\u00a0&lt;span\u00a0style=&quot;color: #800080\u037e&quot;&gt;Vendu\u00a0par\u00a0sachet\u00a0d'environ\u00a015\u00a0cm&lt;\/span&gt;&lt;\/p&gt;\u00a0 &lt;p&gt;&lt;a\u00a0href=&quot;http:\/\/zina\u00adshop.com\/dotclear2\/\/index.php? post\/2012\/08\/17\/Brasure\u00add\u00adun\u00adserti\u00aden\u00adlaiton\u00adPar\u00adSabine\u00ad Alienor&quot;&gt;&lt;span\u00a0style=&quot;color:\u00a0#669933\u037e&quot;&gt;Tutoriel\u00a0de\u00a0Sabine Alienor\u00a0sur\u00a0la\u00a0soudure\u00a0d'un\u00a0serti&lt;\/span&gt;&lt;\/a&gt;&lt;\/p&gt;\"><span style=\"color: #669933\u037e;\">Tutoriel de Sabine Alienor sur la soudure d&rsquo;un serti<\/span><\/a><\/p>\n","protected":false},"featured_media":3216,"comment_status":"open","ping_status":"closed","template":"","meta":{"sfsi_plus_gutenberg_text_before_share":"","sfsi_plus_gutenberg_show_text_before_share":"","sfsi_plus_gutenberg_icon_type":"","sfsi_plus_gutenberg_icon_alignemt":"","sfsi_plus_gutenburg_max_per_row":""},"product_cat":[99],"product_tag":[],"class_list":["post-3219","product","type-product","status-publish","has-post-thumbnail","hentry","product_cat-fils-deco-laiton-et-cuivre"],"jetpack_sharing_enabled":true,"_links":{"self":[{"href":"https:\/\/www.zina-shop.com\/index.php\/wp-json\/wp\/v2\/product\/3219","targetHints":{"allow":["GET"]}}],"collection":[{"href":"https:\/\/www.zina-shop.com\/index.php\/wp-json\/wp\/v2\/product"}],"about":[{"href":"https:\/\/www.zina-shop.com\/index.php\/wp-json\/wp\/v2\/types\/product"}],"replies":[{"embeddable":true,"href":"https:\/\/www.zina-shop.com\/index.php\/wp-json\/wp\/v2\/comments?post=3219"}],"wp:featuredmedia":[{"embeddable":true,"href":"https:\/\/www.zina-shop.com\/index.php\/wp-json\/wp\/v2\/media\/3216"}],"wp:attachment":[{"href":"https:\/\/www.zina-shop.com\/index.php\/wp-json\/wp\/v2\/media?parent=3219"}],"wp:term":[{"taxonomy":"product_cat","embeddable":true,"href":"https:\/\/www.zina-shop.com\/index.php\/wp-json\/wp\/v2\/product_cat?post=3219"},{"taxonomy":"product_tag","embeddable":true,"href":"https:\/\/www.zina-shop.com\/index.php\/wp-json\/wp\/v2\/product_tag?post=3219"}],"curies":[{"name":"wp","href":"https:\/\/api.w.org\/{rel}","templated":true}]}}