{"id":3180,"date":"2020-03-03T11:06:47","date_gmt":"2020-03-03T10:06:47","guid":{"rendered":"http:\/\/www.zina-shop.com\/?post_type=product&#038;p=3180"},"modified":"2023-07-14T17:37:59","modified_gmt":"2023-07-14T15:37:59","slug":"beliere-luxe-cuivre-veritable-x1","status":"publish","type":"product","link":"https:\/\/www.zina-shop.com\/index.php\/produit\/beliere-luxe-cuivre-veritable-x1\/","title":{"rendered":"B\u00e9li\u00e8re luxe cuivre v\u00e9ritable x1"},"content":{"rendered":"<p>B\u00e9li\u00e8re luxe cuivre v\u00e9ritable x1<\/p>\n","protected":false},"excerpt":{"rendered":"<p><strong>B\u00e9li\u00e8re luxe \u00ad Cuivre V\u00e9ritable<\/strong><br \/>\n6*3.9mm<\/p>\n<p>Belle\u00a0qualit\u00e9,\u00a0belle\u00a0finitions<\/p>\n<p>Peut \u00eatre ins\u00e9r\u00e9 dans la p\u00e2te de cuivre crue et cuits ensembles<\/p>\n<p><em><span style=\"color: #993366\u037e;\">Vendu\u00a0\u00e0\u00a0l&rsquo;unit\u00e9<\/span><\/em><\/p>\n","protected":false},"featured_media":3181,"comment_status":"open","ping_status":"closed","template":"","meta":{"sfsi_plus_gutenberg_text_before_share":"","sfsi_plus_gutenberg_show_text_before_share":"","sfsi_plus_gutenberg_icon_type":"","sfsi_plus_gutenberg_icon_alignemt":"","sfsi_plus_gutenburg_max_per_row":""},"product_cat":[98],"product_tag":[],"class_list":["post-3180","product","type-product","status-publish","has-post-thumbnail","hentry","product_cat-apprets-cuivre-veritable"],"jetpack_sharing_enabled":true,"_links":{"self":[{"href":"https:\/\/www.zina-shop.com\/index.php\/wp-json\/wp\/v2\/product\/3180","targetHints":{"allow":["GET"]}}],"collection":[{"href":"https:\/\/www.zina-shop.com\/index.php\/wp-json\/wp\/v2\/product"}],"about":[{"href":"https:\/\/www.zina-shop.com\/index.php\/wp-json\/wp\/v2\/types\/product"}],"replies":[{"embeddable":true,"href":"https:\/\/www.zina-shop.com\/index.php\/wp-json\/wp\/v2\/comments?post=3180"}],"wp:featuredmedia":[{"embeddable":true,"href":"https:\/\/www.zina-shop.com\/index.php\/wp-json\/wp\/v2\/media\/3181"}],"wp:attachment":[{"href":"https:\/\/www.zina-shop.com\/index.php\/wp-json\/wp\/v2\/media?parent=3180"}],"wp:term":[{"taxonomy":"product_cat","embeddable":true,"href":"https:\/\/www.zina-shop.com\/index.php\/wp-json\/wp\/v2\/product_cat?post=3180"},{"taxonomy":"product_tag","embeddable":true,"href":"https:\/\/www.zina-shop.com\/index.php\/wp-json\/wp\/v2\/product_tag?post=3180"}],"curies":[{"name":"wp","href":"https:\/\/api.w.org\/{rel}","templated":true}]}}