{"id":2422,"date":"2020-02-17T12:18:17","date_gmt":"2020-02-17T11:18:17","guid":{"rendered":"http:\/\/www.zina-shop.com\/?post_type=product&#038;p=2422"},"modified":"2024-12-05T10:13:11","modified_gmt":"2024-12-05T09:13:11","slug":"set-de-3-cutters-ronds-a-poussoir","status":"publish","type":"product","link":"https:\/\/www.zina-shop.com\/index.php\/produit\/set-de-3-cutters-ronds-a-poussoir\/","title":{"rendered":"Set de 3 cutters ronds \u00e0 poussoir"},"content":{"rendered":"<p>Set de 3 cutters ronds \u00e0 poussoir<\/p>\n","protected":false},"excerpt":{"rendered":"<p><strong>Set\u00a0de\u00a03\u00a0cutters\u00a0ronds\u00a0\u00e0\u00a0poussoir<\/strong><\/p>\n<p>1 cutter environ 5mm \u00ad 1 cutter environ 10mm \u00ad 1 cutter environ 15mm<\/p>\n<p>Les cutter sont en plastiques, sans soudure ni raccord, permettant ainsi un coupe parfaite sans d\u00e9formation.<\/p>\n<p>Le\u00a0poussoir\u00a0facilite\u00a0extraction\u00a0de\u00a0la\u00a0p\u00e2te.<\/p>\n<p>Peut \u00eatre utilis\u00e9 avec tout type de p\u00e2tes, polym\u00e8re, m\u00e9taux, porcelaine froide, argile, mais \u00e9galement pour lA cuisine cr\u00e9ative.<\/p>\n<p>Lavable.<\/p>\n<p><em>Vendu au set<\/em><\/p>\n","protected":false},"featured_media":2423,"comment_status":"open","ping_status":"closed","template":"","meta":{"sfsi_plus_gutenberg_text_before_share":"","sfsi_plus_gutenberg_show_text_before_share":"","sfsi_plus_gutenberg_icon_type":"","sfsi_plus_gutenberg_icon_alignemt":"","sfsi_plus_gutenburg_max_per_row":""},"product_cat":[36],"product_tag":[],"class_list":["post-2422","product","type-product","status-publish","has-post-thumbnail","hentry","product_cat-cutter"],"jetpack_sharing_enabled":true,"_links":{"self":[{"href":"https:\/\/www.zina-shop.com\/index.php\/wp-json\/wp\/v2\/product\/2422","targetHints":{"allow":["GET"]}}],"collection":[{"href":"https:\/\/www.zina-shop.com\/index.php\/wp-json\/wp\/v2\/product"}],"about":[{"href":"https:\/\/www.zina-shop.com\/index.php\/wp-json\/wp\/v2\/types\/product"}],"replies":[{"embeddable":true,"href":"https:\/\/www.zina-shop.com\/index.php\/wp-json\/wp\/v2\/comments?post=2422"}],"wp:featuredmedia":[{"embeddable":true,"href":"https:\/\/www.zina-shop.com\/index.php\/wp-json\/wp\/v2\/media\/2423"}],"wp:attachment":[{"href":"https:\/\/www.zina-shop.com\/index.php\/wp-json\/wp\/v2\/media?parent=2422"}],"wp:term":[{"taxonomy":"product_cat","embeddable":true,"href":"https:\/\/www.zina-shop.com\/index.php\/wp-json\/wp\/v2\/product_cat?post=2422"},{"taxonomy":"product_tag","embeddable":true,"href":"https:\/\/www.zina-shop.com\/index.php\/wp-json\/wp\/v2\/product_tag?post=2422"}],"curies":[{"name":"wp","href":"https:\/\/api.w.org\/{rel}","templated":true}]}}