{"id":2186,"date":"2020-02-12T15:37:27","date_gmt":"2020-02-12T14:37:27","guid":{"rendered":"http:\/\/www.zina-shop.com\/?post_type=product&#038;p=2186"},"modified":"2025-05-29T02:54:36","modified_gmt":"2025-05-29T00:54:36","slug":"brossette-tissu","status":"publish","type":"product","link":"https:\/\/www.zina-shop.com\/index.php\/produit\/brossette-tissu\/","title":{"rendered":"Brossette tissu"},"content":{"rendered":"<p>Brossette tissu<\/p>\n","protected":false},"excerpt":{"rendered":"<p><strong>Brossette\u00a0tissu<\/strong><\/p>\n<p>Mont\u00e9e\u00a0sur\u00a0mandrin<\/p>\n<p>Compatibles\u00a0avec\u00a0mod\u00e8les\u00a0de\u00a0mini\u00a0perceuses\u00a0typr\u00a0dremel\u00a0\u00ad\u00a0proxxon<br \/>\netc&#8230;<\/p>\n<p>S&rsquo;utilise avec la p\u00e2te \u00e0 polir rouge tout m\u00e9taux ou le wenol<\/p>\n<p>R\u00e9sultat: aspect poli et extr\u00e8mement brillant<\/p>\n<p><em><span style=\"color: #800080\u037e;\">Vendu\u00a0\u00e0\u00a0l&rsquo;unit\u00e9<\/span><\/em><\/p>\n","protected":false},"featured_media":2187,"comment_status":"open","ping_status":"closed","template":"","meta":{"sfsi_plus_gutenberg_text_before_share":"","sfsi_plus_gutenberg_show_text_before_share":"","sfsi_plus_gutenberg_icon_type":"","sfsi_plus_gutenberg_icon_alignemt":"","sfsi_plus_gutenburg_max_per_row":""},"product_cat":[31],"product_tag":[],"class_list":["post-2186","product","type-product","status-publish","has-post-thumbnail","hentry","product_cat-polissage"],"jetpack_sharing_enabled":true,"_links":{"self":[{"href":"https:\/\/www.zina-shop.com\/index.php\/wp-json\/wp\/v2\/product\/2186","targetHints":{"allow":["GET"]}}],"collection":[{"href":"https:\/\/www.zina-shop.com\/index.php\/wp-json\/wp\/v2\/product"}],"about":[{"href":"https:\/\/www.zina-shop.com\/index.php\/wp-json\/wp\/v2\/types\/product"}],"replies":[{"embeddable":true,"href":"https:\/\/www.zina-shop.com\/index.php\/wp-json\/wp\/v2\/comments?post=2186"}],"wp:featuredmedia":[{"embeddable":true,"href":"https:\/\/www.zina-shop.com\/index.php\/wp-json\/wp\/v2\/media\/2187"}],"wp:attachment":[{"href":"https:\/\/www.zina-shop.com\/index.php\/wp-json\/wp\/v2\/media?parent=2186"}],"wp:term":[{"taxonomy":"product_cat","embeddable":true,"href":"https:\/\/www.zina-shop.com\/index.php\/wp-json\/wp\/v2\/product_cat?post=2186"},{"taxonomy":"product_tag","embeddable":true,"href":"https:\/\/www.zina-shop.com\/index.php\/wp-json\/wp\/v2\/product_tag?post=2186"}],"curies":[{"name":"wp","href":"https:\/\/api.w.org\/{rel}","templated":true}]}}