{"id":2072,"date":"2020-02-11T15:20:46","date_gmt":"2020-02-11T14:20:46","guid":{"rendered":"http:\/\/www.zina-shop.com\/?post_type=product&#038;p=2072"},"modified":"2021-01-22T15:17:21","modified_gmt":"2021-01-22T14:17:21","slug":"container-petit-modele-9x6cm","status":"publish","type":"product","link":"https:\/\/www.zina-shop.com\/index.php\/produit\/container-petit-modele-9x6cm\/","title":{"rendered":"Container petit mod\u00e8le- 9x6cm"},"content":{"rendered":"<p>Container petit mod\u00e8le- 9x6cm<\/p>\n","protected":false},"excerpt":{"rendered":"<p><strong>Container\u00a0acier\u00a0inoxydable<\/strong><\/p>\n<p>Petit\u00a0mod\u00e8le<\/p>\n<p>Dimensions:\u00a09*6cm<\/p>\n<p>Adapt\u00e9\u00a0pour\u00a0les\u00a0four\u00a0prometheus\u00a0Pro\u00a01<\/p>\n<p>Container destin\u00e9 \u00e0 recevoir le charbon pour la cuisson des p\u00e2tes de m\u00e9taux.<\/p>\n<p>Verser\u00a0successivement\u00a0le\u00a0chabon\u00a0puis\u00a0les\u00a0pi\u00e8ces\u00a0de\u00a0m\u00e9tal\u00a0puis une\u00a0nouvelle\u00a0couche\u00a0de\u00a0charbon.<\/p>\n<p>Enfourner et cuire selon les recommandations des fabricants de p\u00e2tes de m\u00e9tal.<\/p>\n<p>Peut\u00a0\u00eatre\u00a0utilis\u00e9\u00a0avec\u00a0ou\u00a0sans\u00a0couvercle.<\/p>\n","protected":false},"featured_media":2073,"comment_status":"open","ping_status":"closed","template":"","meta":{"sfsi_plus_gutenberg_text_before_share":"","sfsi_plus_gutenberg_show_text_before_share":"","sfsi_plus_gutenberg_icon_type":"","sfsi_plus_gutenberg_icon_alignemt":"","sfsi_plus_gutenburg_max_per_row":""},"product_cat":[29],"product_tag":[],"class_list":["post-2072","product","type-product","status-publish","has-post-thumbnail","hentry","product_cat-cuisson"],"jetpack_sharing_enabled":true,"_links":{"self":[{"href":"https:\/\/www.zina-shop.com\/index.php\/wp-json\/wp\/v2\/product\/2072","targetHints":{"allow":["GET"]}}],"collection":[{"href":"https:\/\/www.zina-shop.com\/index.php\/wp-json\/wp\/v2\/product"}],"about":[{"href":"https:\/\/www.zina-shop.com\/index.php\/wp-json\/wp\/v2\/types\/product"}],"replies":[{"embeddable":true,"href":"https:\/\/www.zina-shop.com\/index.php\/wp-json\/wp\/v2\/comments?post=2072"}],"wp:featuredmedia":[{"embeddable":true,"href":"https:\/\/www.zina-shop.com\/index.php\/wp-json\/wp\/v2\/media\/2073"}],"wp:attachment":[{"href":"https:\/\/www.zina-shop.com\/index.php\/wp-json\/wp\/v2\/media?parent=2072"}],"wp:term":[{"taxonomy":"product_cat","embeddable":true,"href":"https:\/\/www.zina-shop.com\/index.php\/wp-json\/wp\/v2\/product_cat?post=2072"},{"taxonomy":"product_tag","embeddable":true,"href":"https:\/\/www.zina-shop.com\/index.php\/wp-json\/wp\/v2\/product_tag?post=2072"}],"curies":[{"name":"wp","href":"https:\/\/api.w.org\/{rel}","templated":true}]}}