{"id":1987,"date":"2020-02-10T14:30:08","date_gmt":"2020-02-10T13:30:08","guid":{"rendered":"http:\/\/www.zina-shop.com\/?post_type=product&#038;p=1987"},"modified":"2022-02-07T17:16:16","modified_gmt":"2022-02-07T16:16:16","slug":"tapis-de-travail-antideparant-underlay","status":"publish","type":"product","link":"https:\/\/www.zina-shop.com\/index.php\/produit\/tapis-de-travail-antideparant-underlay\/","title":{"rendered":"Tapis de travail antid\u00e9parant- Underlay"},"content":{"rendered":"<p>Tapis de travail antid\u00e9parant- Underlay<\/p>\n","protected":false},"excerpt":{"rendered":"<p><strong>Tapis\u00a0de\u00a0travail\u00a0antiderapant<\/strong><\/p>\n<p>Plastique\u00a0rigide<\/p>\n<p>Facilite le travail des p\u00e2tes de m\u00e9taux et polym\u00e8re<\/p>\n<p><em>Vendu \u00e0 l&rsquo;unit\u00e9<\/em><\/p>\n","protected":false},"featured_media":1988,"comment_status":"open","ping_status":"closed","template":"","meta":{"sfsi_plus_gutenberg_text_before_share":"","sfsi_plus_gutenberg_show_text_before_share":"","sfsi_plus_gutenberg_icon_type":"","sfsi_plus_gutenberg_icon_alignemt":"","sfsi_plus_gutenburg_max_per_row":""},"product_cat":[28],"product_tag":[],"class_list":["post-1987","product","type-product","status-publish","has-post-thumbnail","hentry","product_cat-outillage"],"jetpack_sharing_enabled":true,"_links":{"self":[{"href":"https:\/\/www.zina-shop.com\/index.php\/wp-json\/wp\/v2\/product\/1987","targetHints":{"allow":["GET"]}}],"collection":[{"href":"https:\/\/www.zina-shop.com\/index.php\/wp-json\/wp\/v2\/product"}],"about":[{"href":"https:\/\/www.zina-shop.com\/index.php\/wp-json\/wp\/v2\/types\/product"}],"replies":[{"embeddable":true,"href":"https:\/\/www.zina-shop.com\/index.php\/wp-json\/wp\/v2\/comments?post=1987"}],"wp:featuredmedia":[{"embeddable":true,"href":"https:\/\/www.zina-shop.com\/index.php\/wp-json\/wp\/v2\/media\/1988"}],"wp:attachment":[{"href":"https:\/\/www.zina-shop.com\/index.php\/wp-json\/wp\/v2\/media?parent=1987"}],"wp:term":[{"taxonomy":"product_cat","embeddable":true,"href":"https:\/\/www.zina-shop.com\/index.php\/wp-json\/wp\/v2\/product_cat?post=1987"},{"taxonomy":"product_tag","embeddable":true,"href":"https:\/\/www.zina-shop.com\/index.php\/wp-json\/wp\/v2\/product_tag?post=1987"}],"curies":[{"name":"wp","href":"https:\/\/api.w.org\/{rel}","templated":true}]}}