{"id":55,"date":"2020-01-31T16:06:46","date_gmt":"2020-01-31T15:06:46","guid":{"rendered":"http:\/\/www.zina-shop.com\/?page_id=55"},"modified":"2020-05-06T15:58:24","modified_gmt":"2020-05-06T13:58:24","slug":"cgv","status":"publish","type":"page","link":"https:\/\/www.zina-shop.com\/index.php\/cgv\/","title":{"rendered":"CGV"},"content":{"rendered":"\n<p><strong><u>Identification de l\u2019entreprise<\/u><\/strong><br><br>Le site de vente en ligne <a href=\"http:\/\/www.zina-shop.com\/\">www.zina-shop.com<\/a> est g\u00e9r\u00e9 par C\u00e9z\u00e9rina TAIB, soci\u00e9t\u00e9 Zinacreation immatricul\u00e9e \u00e0 la chambre des m\u00e9tiers de loire Atlantique.<br><strong>Siren <\/strong>: 522&nbsp;195 171<br><strong>Siret<\/strong> : 522&nbsp;195&nbsp;171 000 31<br><strong>Code APE <\/strong>: 4791B<br><br><strong><u>Coordonn\u00e9es<\/u><\/strong><br><br><strong>Mail<\/strong> : postmaster@zina-shop.com<br><strong>Adresse <\/strong>: Zinacreation, 1 bis p\u00e2tis de la Rinais \u2013 44760 La Bernerie en Retz<br><br><strong><u>Conception et r\u00e9alisation<\/u><\/strong><br>C\u00e9z\u00e9rina TAIB<br>Boutique en ligne r\u00e9alis\u00e9e gr\u00e2ce la solution wordpress<\/p>\n\n\n\n<p>CONDITIONS GENERALES DE VENTE<br><br><br>Boutique en ligne&nbsp;: Zina-shoP<br>Soci\u00e9t\u00e9&nbsp;: Zinacreation<br>Siret&nbsp;: 522&nbsp;195&nbsp;171 00031<br>APE&nbsp;: 4791B<br>C\u00e9z\u00e9rina TAIB<br>1 bis p\u00e2tis de la rinais<br>44760 La Bernerie en Retz<br>Mail&nbsp;: postmaster@zina-shop.com<br>&nbsp;<\/p>\n\n\n\n<p>Les pr\u00e9sentes conditions g\u00e9n\u00e9rales de vente sont conclues d&rsquo;une part par la soci\u00e9t\u00e9 Zinacreation et d&rsquo;autre part, par toute personne physique ou morale souhaitant proc\u00e9der \u00e0 un achat via le site Internet de zinacreation, le Zina-shoP, d\u00e9nomm\u00e9e ci-apr\u00e8s \u201c l&rsquo;acheteur \u201d.<br>&nbsp;<br><strong>Objet<\/strong><br>Les pr\u00e9sentes conditions de vente visent \u00e0 d\u00e9finir les relations contractuelles entre Zinacreation et l&rsquo;acheteur et les conditions applicables \u00e0 tout achat effectu\u00e9 par le biais du site marchand de Zinacreation, que l&rsquo;acheteur soit professionnel ou consommateur.<br>&nbsp;<br>L&rsquo;acquisition d&rsquo;un produit \u00e0 travers le pr\u00e9sent site implique une acceptation sans r\u00e9serve par l&rsquo;acheteur des pr\u00e9sentes conditions de vente.<br>Ces conditions de vente pr\u00e9vaudront sur toutes autres conditions g\u00e9n\u00e9rales ou particuli\u00e8res non express\u00e9ment agr\u00e9\u00e9es par Zinacreation.<br>Zinacreation se r\u00e9serve de pouvoir modifier ses conditions de vente \u00e0 tout moment. Dans ce cas, les conditions applicables seront celles en vigueur \u00e0 la date de la commande par l&rsquo;acheteur.<br>&nbsp;<br><strong>Caract\u00e9ristiques des produits propos\u00e9s<\/strong><br>Les produits propos\u00e9s sont ceux qui figurent dans le catalogue publi\u00e9 sur le site de Zinacreation.<br>Ces produits sont propos\u00e9s dans la limite des stocks disponibles.<br>Chaque produit est accompagn\u00e9 d&rsquo;un descriptif \u00e9tabli par Zinacreation.<br>Les photographies du catalogue sont les plus fid\u00e8les possibles mais ne peuvent assurer une similitude parfaite avec le produit offert, notamment en ce qui concerne les couleurs.<br>&nbsp;<br><strong>Tarifs<\/strong><br>Les prix figurant dans le catalogue sont des prix TTC en euro.<br>T.V.A non applicable, art. 293 B du CGI.<br>Zinacreation se r\u00e9serve de modifier ses prix \u00e0 tout moment, \u00e9tant toutefois entendu que le prix figurant au catalogue le jour de la commande sera le seul applicable \u00e0 l&rsquo;acheteur.<br>Les prix ne tiennent pas compte des frais de port. Les frais de livraisons figureront dans votre panier final en fonction du poids total de la commande.<br>&nbsp;<br><strong>Commandes<\/strong><br>L&rsquo;acheteur, qui souhaite acheter un produit doit obligatoirement :<br>&#8211; remplir la fiche d&rsquo;identification sur laquelle il indiquera toutes les coordonn\u00e9es demand\u00e9es.<br>&#8211; valider sa commande apr\u00e8s l&rsquo;avoir v\u00e9rifi\u00e9e;<br>&#8211; effectuer le paiement dans les conditions pr\u00e9vues;<br>&#8211; confirmer sa commande et son r\u00e8glement.<br>La confirmation de la commande entra\u00eene acceptation des pr\u00e9sentes conditions de vente, la reconnaissance d&rsquo;en avoir parfaite connaissance et la renonciation \u00e0 se pr\u00e9valoir de ses propres conditions d&rsquo;achat ou d&rsquo;autres conditions.<br>L&rsquo;ensemble des donn\u00e9es fournies et la confirmation enregistr\u00e9e vaudront preuve de la transaction. La confirmation vaudra signature et acceptation des op\u00e9rations effectu\u00e9es.<br>Le vendeur communiquera par courrier \u00e9lectronique confirmation de la commande enregistr\u00e9e.<br>&nbsp;<br><strong>R\u00e9tractation<\/strong><br>L\u2019acheteur, conform\u00e9ment \u00e0 l&rsquo;article L 121-16 du code de la consommation b\u00e9n\u00e9ficie d&rsquo;un d\u00e9lai de r\u00e9tractation de sept jours ouvrables \u00e0 compter de la livraison de sa commande pour faire retour du produit \u00e0 Zinacreation pour \u00e9change ou remboursement sans p\u00e9nalit\u00e9, \u00e0 l&rsquo;exception des frais de retour.<br>Le retour sera effectu\u00e9 par l\u2019acheteur en courrier recommand\u00e9 avec accus\u00e9 de r\u00e9ception accompagn\u00e9 du ou des produits dans leur emballage d&rsquo;origine. Dans le cas o\u00f9 les produits retourn\u00e9s ne seraient pas complets, qu\u2019ils aient \u00e9t\u00e9 utilis\u00e9s et\/ou endommag\u00e9s, Zinacreation se r\u00e9serve le droit de ne pas effectuer de remboursement.<br>&nbsp;<br><strong>Modalit\u00e9s de paiement<\/strong><br>Le prix est exigible \u00e0 la commande.<br>Les paiements seront effectu\u00e9s par les moyens de paiements s\u00e9curis\u00e9s Paypal et virement bancaires.<br>Le r\u00e8glement par ch\u00e8que est possible, la commande sera alors exp\u00e9di\u00e9e une fois le ch\u00e8que d\u00e9pos\u00e9 en banque et valid\u00e9 par les services bancaires.<br>Les ch\u00e8ques sont \u00e0 libeller \u00e0 l\u2019ordre de<br>C\u00e9z\u00e9rina TAIB<br>et \u00e0 envoyer \u00e0 l\u2019adresse suivante&nbsp;:<br>Zina-shoP \u2013 C\u00e9z\u00e9rina TAIB 1 bis p\u00e2tis de la Rinais \u2013 44760 La Bernerie en Retz<br>Les livraisons sont faites \u00e0 l&rsquo;adresse indiqu\u00e9e dans le bon de commande qui ne peut \u00eatre que dans la zone g\u00e9ographique convenue.<br>Les risques sont \u00e0 la charge de l&rsquo;acqu\u00e9reur \u00e0 compter du moment o\u00f9 les produits ont quitt\u00e9 les locaux de Zinacreation. En cas de dommage pendant le transport, la protestation motiv\u00e9e doit \u00eatre formul\u00e9e aupr\u00e8s du transporteur dans un d\u00e9lai de trois jours \u00e0 compter de la livraison.<br>Les d\u00e9lais de livraison ne sont donn\u00e9s qu&rsquo;\u00e0 titre indicatif, Zinacreation n\u2019est en aucun cas responsable des retards \u00e9ventuels de La Poste.<br>&nbsp;<br><strong>Donn\u00e9es personnelles<\/strong><br>Conform\u00e9ment \u00e0 la r\u00e8glementation en vigueur relative \u00e0 la collecte de donn\u00e9es personnelles indispensables au traitement de sa commande, le client dispose d\u2019un droit d\u2019acc\u00e8s et de rectification ou suppression des donn\u00e9es le concernant. Pour ce faire il devra en faire la demande aupr\u00e8s de Zinacreaton.<br>Zinacreation s\u2019engage \u00e0 ne transmettre ces donn\u00e9es confidentielles \u00e0 aucun organisme ext\u00e9rieur.<\/p>\n","protected":false},"excerpt":{"rendered":"<p>Identification de l\u2019entreprise Le site de vente en ligne www.zina-shop.com est g\u00e9r\u00e9 par C\u00e9z\u00e9rina TAIB, soci\u00e9t\u00e9 Zinacreation immatricul\u00e9e \u00e0 la chambre des m\u00e9tiers de loire Atlantique.Siren : 522&nbsp;195 171Siret : 522&nbsp;195&nbsp;171 000 31Code APE : 4791B Coordonn\u00e9es Mail : postmaster@zina-shop.comAdresse : Zinacreation, 1 bis p\u00e2tis de la Rinais \u2013 44760 La Bernerie en Retz Conception [&hellip;]<\/p>\n","protected":false},"author":1,"featured_media":0,"parent":0,"menu_order":0,"comment_status":"closed","ping_status":"closed","template":"","meta":{"sfsi_plus_gutenberg_text_before_share":"","sfsi_plus_gutenberg_show_text_before_share":"","sfsi_plus_gutenberg_icon_type":"","sfsi_plus_gutenberg_icon_alignemt":"","sfsi_plus_gutenburg_max_per_row":"","footnotes":""},"class_list":["post-55","page","type-page","status-publish","hentry"],"jetpack_sharing_enabled":true,"_links":{"self":[{"href":"https:\/\/www.zina-shop.com\/index.php\/wp-json\/wp\/v2\/pages\/55","targetHints":{"allow":["GET"]}}],"collection":[{"href":"https:\/\/www.zina-shop.com\/index.php\/wp-json\/wp\/v2\/pages"}],"about":[{"href":"https:\/\/www.zina-shop.com\/index.php\/wp-json\/wp\/v2\/types\/page"}],"author":[{"embeddable":true,"href":"https:\/\/www.zina-shop.com\/index.php\/wp-json\/wp\/v2\/users\/1"}],"replies":[{"embeddable":true,"href":"https:\/\/www.zina-shop.com\/index.php\/wp-json\/wp\/v2\/comments?post=55"}],"version-history":[{"count":2,"href":"https:\/\/www.zina-shop.com\/index.php\/wp-json\/wp\/v2\/pages\/55\/revisions"}],"predecessor-version":[{"id":4296,"href":"https:\/\/www.zina-shop.com\/index.php\/wp-json\/wp\/v2\/pages\/55\/revisions\/4296"}],"wp:attachment":[{"href":"https:\/\/www.zina-shop.com\/index.php\/wp-json\/wp\/v2\/media?parent=55"}],"curies":[{"name":"wp","href":"https:\/\/api.w.org\/{rel}","templated":true}]}}